greatest common factor of 10 and a.
10
Let b be (108 - 16) + (20/4 - (6 - 4)). Calculate the greatest common divisor of b and 15.
5
Let i = 522 + -515. Suppose i*p + 411 = 600. Calculate the highest common factor of 45 and p.
9
Let w = 22 - 25. Let y be (w/(-6) + -1)*(-5 - 1). Suppose y*d + 2 = 8. Calculate the highest common factor of 2 and d.
2
Let i = 16 - 1. Suppose -10*m + 11*m = -p - 376, 0 = -2*p - m - 754. Let r = p + 408. Calculate the highest common divisor of i and r.
15
Let l(i) = -9*i - 2 - 5*i + 0 + 2*i. Let u(b) = -3*b**3 + 33*b**2 + 35*b + 11. Let z be u(12). Let x be l(z). Calculate the highest common divisor of x and 90.
10
Let w(p) = -p**3 + 2*p**2 - 13*p - 4. Let c be w(4). Let s = -87 - c. Calculate the greatest common factor of 11 and s.
1
Suppose -28 + 78 = 5*f + 4*l, 0 = -4*f + 5*l + 81. Suppose -f*m + 1133 = 419. Calculate the greatest common divisor of 6 and m.
3
Suppose -4 = 15*y - 11*y, 123 = 3*i - 3*y. Let v(r) = -r + 80. Let p be v(0). What is the highest common factor of p and i?
40
Let o be (-38324)/(-20) - (-4)/5. Let u be (-19 + 0)/((-71)/o). What is the highest common divisor of 57 and u?
57
Suppose 0 = 2*p - 14*p + 792. Let q be (p + -50)*(217/4 + 2). What is the highest common divisor of 10 and q?
10
Let v = -171 + 46. Let w be (-2)/6 - v/15. Let o = 18 - 10. What is the greatest common divisor of w and o?
8
Let s(b) = -b**3 + 12*b**2 - 5*b - 1. Let o be (-1)/(5/(-20)) + (-2 - -6). Let a be s(o). What is the highest common factor of a and 86?
43
Suppose 4*q = 20, 0 = -g - 0*g - 2*q + 12. Let h(b) = b**2 - 7*b - 6. Suppose 8*a - 107 + 43 = 0. Let j be h(a). Calculate the highest common factor of g and j.
2
Let g(f) = 107*f**2 - 5*f - 4. Let u be g(-1). What is the highest common divisor of 156 and u?
12
Suppose 5*n = 3*n - 56. Let y be n/(-6)*90/(-35). Let k = y + 13. Calculate the highest common factor of 4 and k.
1
Let o(z) be the first derivative of -1/2*z**2 + 40*z + 0*z**3 - 1/4*z**4 + 14. Let q be o(0). Calculate the greatest common factor of q and 8.
8
Let a(j) = -j**3 - 14*j**2 + 101*j + 119. Let z be a(-21). Calculate the highest common factor of z and 124.
31
Suppose b - 2338*g = -2335*g + 59076, -2*b + 118152 = 2*g. Calculate the highest common divisor of 27 and b.
27
Let k = -36114 + 36226. Calculate the greatest common divisor of 32 and k.
16
Let y be (-4)/4 + -2 - -4. Let s(n) = 33*n + 3. Let a be s(y). What is the greatest common factor of 4 and a?
4
Suppose l = -3*b + 8069, -1602*b + 40377 = 5*l - 1603*b. What is the greatest common divisor of 340 and l?
85
Let i(b) = b**3 + 4*b**2 - 5*b + 4. Let l be i(-5). Let c be 5/((-25)/(-160)) + l. What is the highest common divisor of 63 and c?
9
Let r(w) be the third derivative of -w**6/120 - 7*w**5/12 + 11*w**4/8 - 14*w**3 - 18*w**2 - 1. Let k be r(-36). What is the greatest common factor of k and 18?
6
Let n(g) = 13*g**3 + 16*g**2 + g - 30. Let c be n(12). What is the greatest common divisor of c and 15?
15
Let k be ((-2418)/130 - -18)*-35. Suppose 0 = -3*d - 216 + 1917. What is the greatest common divisor of d and k?
21
Let v = 5498 - 5444. Let u = 1 - -2. What is the highest common divisor of u and v?
3
Suppose 106272 + 891760 = 536*q. What is the highest common divisor of q and 1078?
98
Suppose -3 = 3*d, y + y = -5*d + 1689. What is the highest common divisor of y and 616?
77
Let j = -892 - -1039. What is the highest common divisor of 28371 and j?
147
Suppose 1307 + 2515 = 281*x + 265*x. Calculate the highest common factor of 14903 and x.
7
Let m be (-1 - 9/(-6))/((-1)/(-10)). Suppose 0 = -0*z + 5*z - x - 453, 0 = 3*z + m*x - 255. Calculate the highest common divisor of z and 10.
10
Let f(p) = 3 + 66*p**3 + 10*p**2 + 92*p**3 - 155*p**3. Let b be f(-3). What is the highest common divisor of 588 and b?
12
Let o(u) = 42*u**2. Let r be o(-2). Let g be (-4)/4 + (3 - (-12)/(-4) - -25). Calculate the highest common divisor of g and r.
24
Let n(c) be the third derivative of -7*c**4/24 + 25*c**3/3 - 3*c**2 - 3*c. Let t be n(-3). What is the greatest common divisor of t and 355?
71
Suppose 60 = 22*z - 21*z. Suppose 3*i - 204 = 2*s + 72, -i = -2*s - 96. Calculate the highest common divisor of z and i.
30
Suppose -37*l = -l - 432. Let d(k) = 14*k + 128. Let b be d(-6). What is the greatest common divisor of b and l?
4
Let a(t) = t**3 + 14*t**2 - 49*t + 36. Let j be a(-16). Suppose 0 = i - 36 + 8. Calculate the highest common factor of j and i.
28
Let y be (-6 + 21 + 324)*(12/9 - 1). Calculate the greatest common factor of y and 3.
1
Let l be ((-1)/(-3))/(21/126). Suppose -3*o - 265 = -8*o + 2*d, 120 = l*o + 2*d. What is the greatest common divisor of 22 and o?
11
Suppose -2*w - 26 = -3*s - s, -32 = -4*s + 4*w. Suppose -3*t = -i + 130, -40*i - 4*t = -39*i - 95. Calculate the greatest common factor of s and i.
5
Let c = -592 + 1842. Let x = 2627 - c. What is the greatest common divisor of x and 51?
51
Let c(j) = 4*j**3 - 5*j**2 + 17*j - 65. Let s be c(4). Suppose 0 = -s*v + 178*v + 290. What is the greatest common factor of 40 and v?
10
Let r be 130 + -2 + (-127 - -115). Calculate the highest common factor of 812 and r.
116
Let r = 1740 + -1727. Let b(l) = l**2 - 17*l - 1. Let f be b(9). Let x = f - -112. Calculate the highest common factor of x and r.
13
Let h(p) = -67*p + 10. Let o be h(-6). Let d = o - 202. Calculate the greatest common divisor of d and 42.
42
Let l be (5/(-3))/(82/(-22386)). Calculate the greatest common divisor of l and 312.
13
Suppose -2571 + 1105 - 1383 = -11*a. What is the highest common factor of 1258 and a?
37
Suppose 1081*b = 1071*b + 720. Calculate the highest common divisor of b and 128.
8
Let y(o) be the second derivative of -o**5/10 - o**4 + o**3 + 21*o**2/2 - 23*o. Let k be y(-7). What is the greatest common divisor of k and 7?
7
Suppose 12 = -16*s + 18*s. Suppose 5*n = 14*n - 342. Suppose -36*i - 24 = -n*i. What is the greatest common divisor of i and s?
6
Suppose 4*j + 4014 = -5*w + 57986, 0 = 2*w - 5*j - 21635. What is the highest common factor of 60 and w?
60
Let w = -4885 - -12322. Calculate the greatest common divisor of w and 111.
111
Suppose -x - 1 = -26. Suppose b - 5*a = 3*b - 16, 0 = 5*b + 4*a - 74. Let t be b*14/4*(-125)/(-35). Calculate the highest common divisor of t and x.
25
Let a(v) = -v**3 - 16*v**2 + 34*v - 32. Let i be a(-18). Let f be -3 - (i/(-4) + -6). Calculate the highest common divisor of 8 and f.
4
Suppose 4*d - 205 = 67. Let w(g) = -g**2 - 124*g + 653. Let s be w(5). What is the highest common factor of s and d?
4
Suppose -2*q = 2*t + 3*q + 38, 5*q = -5*t - 80. Let d = t + 15. What is the highest common divisor of 8 and d?
1
Let y = 12 + -8. Suppose y*u - 2556 = 992. Suppose -b = -5*h + 853, 5*h + 3*b - u = -46. Calculate the highest common factor of h and 10.
10
Let c(x) = -15*x + 37*x - 2*x**2 - 17 - 12. Let g be c(9). What is the highest common divisor of 161 and g?
7
Let g = 656 - 251. What is the highest common divisor of 90 and g?
45
Suppose -5*o = -4*k + 263, -5*k + 335 = -0*k - 5*o. Calculate the greatest common factor of k and 936.
72
Let s(t) = 5*t**2 - 297*t + 408. Let q be s(69). Calculate the highest common factor of 135 and q.
15
Suppose 4*c - 2655 + 14426 = 5*l, 4*c - 4742 = -2*l. Calculate the highest common factor of 7 and l.
7
Suppose -4*r + 30*x - 27*x = -276, 0 = -4*r - 4*x + 248. What is the greatest common factor of 804 and r?
6
Let x be ((-1834)/(-21))/((-6)/9). Let b = 167 + x. Calculate the highest common divisor of b and 153.
9
Suppose -2*q = 6, 5*x = 5*q + 70 + 5. Let b(r) = 2*r**2 - 101*r - 412. Let d be b(-4). Calculate the greatest common factor of x and d.
12
Let s(n) = -n**3 + 50*n**2 - 233*n + 385. Let m be s(45). Let u(q) = 12*q**2 - q - 1. Let b be u(6). What is the highest common factor of b and m?
25
Let p be 5 + (-99)/21 - (-64832)/56. Calculate the greatest common divisor of p and 12.
6
Suppose 0 = 119*k - 55*k - 59*k - 420. Calculate the highest common factor of 525 and k.
21
Suppose -16*y - 487 + 1831 = 0. Let t(m) = -m**2 + 18*m + 12. Let p be 72/(-10)*(-55)/22. Let b be t(p). Calculate the greatest common factor of b and y.
12
Let w be (2 + -1 + -162)*-1. Let t = 3090 + -3083. What is the greatest common divisor of t and w?
7
Let v(p) = 12*p**2 + 39*p 